+ 101. What is the tens digit of l?
9
Suppose -4*h + 7041 = -2*s - s, 7042 = 4*h - 2*s. What is the hundreds digit of h?
7
Suppose -u - 51 = 2*z, 0 = 3*u + 4*z + 18 + 141. Let a = 118 + u. What is the units digit of a?
1
Suppose 10 = 5*k - 0*k. Let m = k - 9. What is the tens digit of ((-19)/(-1))/(m - -8)?
1
Let s = 59 + -7. What is the units digit of ((-200)/s - (-2)/(-13)) + 168?
4
Let y(v) = -v**2 + 14*v + 61. Let p be y(19). Let x = 13 - -40. Let n = x + p. What is the units digit of n?
9
Let n = -15 + 8. What is the tens digit of ((-42)/(-15))/n + (-874)/(-10)?
8
Let f = -11 + 13. Suppose -y = 2*v - 3*y + 18, f*v + 24 = 4*y. What is the tens digit of 171/3 + v + 6?
5
Let f(w) = -w**3 + 7*w**2 + 4. Let b be f(7). Suppose b*d - 20 = 0, 2*i - 5*d - 69 = -0*i. What is the tens digit of i?
4
Let z(t) = -2*t**3 + t. Let m be z(-1). Let l be (4/(-6)*12)/m. What is the tens digit of l/12*-3 + 25?
2
Let n = -3073 + 5757. What is the hundreds digit of n?
6
What is the units digit of 1/(5/(-2))*97725/(-30)?
3
Let y = 10 + 83. What is the tens digit of y?
9
Let s = 100 + -2. Suppose 3*t = -5*w + 498, -4*t - s = -w - 3*t. What is the tens digit of w?
9
Let c(l) = -55*l**3 - l + 1. Let k(x) = -56*x**3 - x**2 - x + 1. Let z(m) = -3*c(m) + 2*k(m). What is the units digit of z(1)?
1
What is the units digit of 22130/34 + (-42)/(-357)?
1
Let g = -11 - -463. What is the tens digit of g?
5
Let x(z) be the third derivative of 0*z + 0*z**4 + 4/3*z**3 + 0 + 1/120*z**6 - 9*z**2 - 1/10*z**5. What is the tens digit of x(7)?
5
Suppose k - 5*l = 4*k - 8, -5*k + 4 = -l. Let g = k - 1. Suppose 0 = -h + 5*f + 12, g = -2*f + 4 - 8. What is the units digit of h?
2
Suppose -9*y + 2201 = 284. What is the tens digit of 4/(-6) + y/9?
2
Let l be (3/6)/(3/(-6)). Let t be 3/l - (-21)/7. Suppose t = g + 4*x - 2, 4*g + 0*g - 60 = -3*x. What is the units digit of g?
8
Suppose 0 = -4*h + 5*c + 2648, 0*h = 4*h - c - 2664. What is the units digit of h?
7
Let l(y) = y**2 - 7*y + 7. Let x be l(5). Let q be -2 + (-3 - -2)*x. What is the tens digit of -2 + q - (-3 - 23)?
2
Let w(d) = d + 9. Suppose 4*f + 3*n + 46 = 0, -15 - 3 = f + 4*n. Let i be w(f). What is the units digit of (2 - i - 4)*-26?
6
Suppose 0 = 4*x + 5*x + 270. What is the units digit of (-244)/(-6) - (-20)/x?
0
Let j = 1376 - 445. What is the units digit of j?
1
Let d(v) = -v**3 - 15*v**2 - 6*v - 3. Let m(y) = -y**2 - y + 1. Let c(w) = d(w) - m(w). What is the tens digit of c(-14)?
6
Suppose 6 = 2*z + 2. Suppose 2*d = 2*c + 24, d - 8 = -z*c + 4*c. Suppose -32 - d = -2*a. What is the tens digit of a?
2
Let h(c) be the second derivative of 3*c**5/10 - c**4/12 - c**3/3 + c**2/2 - 9*c. What is the tens digit of h(2)?
4
What is the units digit of 514 - ((5/5 - 1) + 0)?
4
Let t be 2/(-1) + -2 + 25. Suppose t = 4*w - 179. What is the units digit of w?
0
Suppose -2*f - 4 = 0, -f + 24 = 4*b - 3*f. Suppose b = -5*q + 3*x - 5, 2*q = x - 5. Let r = 13 + q. What is the units digit of r?
8
Suppose 0 = -14*z + 4*z + 8670. What is the tens digit of z?
6
Suppose 0 = v + 3*v - 1260. Suppose -2*x - 165 = -5*x + 3*m, -5*x - 5*m = -v. What is the units digit of x?
9
Let t(i) = i**3 - 2*i**2 - i + 4. Let h be t(0). Suppose h*y + 0*y = 240. What is the tens digit of y?
6
Suppose 4*a = 0, 2*t - 2*a + 7020 = 6*t. What is the units digit of t?
5
Let c(x) = x**3 - 8*x**2 + 7*x - 6. Let k be c(7). Let t = k + 22. What is the tens digit of t?
1
Let j(l) = l + 4. Let x be j(-5). Let g = 181 - 182. What is the tens digit of (63/g)/x - 2?
6
Let v(s) = -s**3 - 12*s**2 - 15*s + 13. What is the units digit of v(-14)?
5
Let m = 0 + 0. Let x be 21/(-35)*(-45)/9. Suppose -x*r - 70 = 4*a - 5*a, 5*a - 3*r - 290 = m. What is the tens digit of a?
5
Let n = -2388 + 4356. What is the thousands digit of n?
1
Let o = 13 - 8. Suppose o*b = 376 + 254. What is the units digit of b?
6
Let h be (1 - -8)*(-1 + 0). Let p be -3 - ((-9)/(-3) + h). Suppose -18 - p = -3*s. What is the units digit of s?
7
Suppose 2*n - 4 = -4*g - 24, -n = g + 13. Let o be (n - 1 - 2)/(-1). Suppose -3 - o = -i. What is the units digit of i?
2
Let u(d) be the first derivative of 2*d**3/3 + 3*d**2/2 + 2*d - 1. Let t be u(-2). What is the tens digit of 2*6 + (6 - t)?
1
Let m be 0 + 4/1 + 0. Suppose -6 + 4 = -j - m*f, -5*j + 33 = -3*f. Suppose j*z - 184 = -52. What is the units digit of z?
2
Let n be 5 + -12 + 3*1. Let f(u) = -5*u**3 + 2*u**2 - u - 4. Let r(z) = 9*z**3 - 4*z**2 + z + 7. Let v(w) = n*r(w) - 7*f(w). What is the units digit of v(-2)?
0
Let o(b) = 3*b - 1. Suppose -k - 3 = 4*k - 2*v, -4*v = -4*k. Let p be (-3 + 2 + -1)*k. What is the units digit of o(p)?
5
Suppose -5*g = 3*p - 41 + 6, -4*p + 12 = -2*g. Let k(r) = r**2 + r. Let i be k(g). Let b = i - 10. What is the tens digit of b?
1
Suppose 0 = 4*m - 8*m. Suppose -3*x = 4*i, 4*i + 3*x + 2*x = m. Suppose i = t - 23. What is the tens digit of t?
2
Let w(c) be the first derivative of c**2 + 9*c - 5. Let m be w(-4). Let d(u) = 28*u**2 + u - 1. What is the tens digit of d(m)?
2
Let i(c) = 2254*c - 84. What is the units digit of i(1)?
0
Let c(t) = -t + 19. Let w be c(15). What is the units digit of (w/8)/((-1)/(-10))?
5
Let u(m) = 3*m - 4. Let d(a) = -3*a + 3. Let z(c) = -6*d(c) - 4*u(c). Let s be z(1). What is the units digit of -32*-3*s/24?
6
Let i = 15 + -12. Let g(m) = 19*m - 6. Let q be g(i). Suppose -2*u = -t - 117, -t = -u + t + q. What is the units digit of u?
1
Let l = 132 + -131. Suppose 0 = -5*v + 3*h - 133, 128 = -4*v - 6*h + 3*h. What is the units digit of (0 - v) + (3 - l)?
1
Suppose 0 = 5*s - 5*v - 20, -8 = -5*s - v - 18. What is the tens digit of (-86 - 1)*s/3?
2
Let r = 706 - 418. What is the units digit of r?
8
What is the tens digit of 76 + -2 + -9 + 8?
7
Let s = 9 + -9. Suppose 3*j - 348 = 3*o, -5*o = -3*j - s*o + 348. What is the units digit of j?
6
Let y = 54 - 59. Let j = y + 6. What is the units digit of j?
1
Let r = 324 + 1081. What is the units digit of r?
5
Let k(w) = w - 1. Let v(r) = 36*r + 13. Let y(t) = -k(t) + v(t). What is the hundreds digit of y(5)?
1
Let l(z) = -z**3 - 14*z**2 - z + 8. What is the units digit of l(-14)?
2
Let n(m) = -15*m + 22. Let j(x) = x**3 + 4*x**2 - 10*x + 6. Let c be j(-6). What is the units digit of n(c)?
2
Let p = 7251 + -2436. What is the hundreds digit of p?
8
Let v(c) = -4*c + 5. Let g be v(5). Let q be (-40)/g + (-1)/(-3). Suppose q*s = 5*s + 10, -2*s = h - 12. What is the tens digit of h?
2
Let n = -827 - -1234. What is the tens digit of n?
0
Suppose s = 11*s - 6030. What is the tens digit of s?
0
Let r(l) = 10*l**3 + 6*l**2 - 3*l - 6. What is the tens digit of r(4)?
1
Suppose 2*z + 5 = -3*h - 2*z, -3*z = -2*h + 25. Suppose -4*t + 348 = 4*o, -h*t = 4*o + 120 - 467. Suppose -o = -4*d + 40. What is the tens digit of d?
3
Suppose 4*f - 5*o + 23 = 0, 4*o - 14 = -34. Let r(j) = -j**3 - 13*j**2 - 11*j + 17. Let p be r(f). Suppose 171 = -2*y + p*y. What is the units digit of y?
7
Let v(x) = 119*x - 198. What is the units digit of v(8)?
4
Let p be (1 - 10)/(-1) + -1. Suppose -p - 1 = -3*l. Suppose 2*f - 24 = -l*w - 3, -4*w + 11 = -3*f. What is the units digit of w?
5
What is the tens digit of (-469 - -38)*(1 + 4*-1)?
9
What is the tens digit of 16/((-2)/6 - -1)?
2
Let y be 3 - 33*4/(-6). Suppose 5*j + y = 5*q, j = -q + 4*q - 11. Suppose 105 = 3*r + 5*p, r - q*p = -10 + 59. What is the units digit of r?
0
Let h be (1 - 3/(-6))/(6/1112). Let w = -147 + h. What is the units digit of w?
1
Let c = -1197 - -1914. What is the units digit of c?
7
Let j = -23 - -33. What is the tens digit of 6/j - (-324)/10?
3
Let y be ((-3)/(-2))/((11/4)/11). Suppose -4*z + 242 = y. What is the tens digit of z?
5
Let a(r) = -36*r**3 - 1. Let h(o) be the second derivative of o**5/20 + 4*o**4/3 - 8*o**3/3 + 8*o**2 + 10*o. Let w be h(-17). What is the units digit of a(w)?
5
Suppose -113*y + 52 = -117*y. Let k(f) = f**3 + 14*f**2 + 3*f + 22. What is the units digit of k(y)?
2
Let q(l) = 9*l - 3 + 14*l - l**2 - 12*l. What is the units digit of q(10)?
7
Suppose 5*w - 960 = -2*m + m, -20 = 4*m. Suppose -5*o = -3*o - 8, -5*o = -l + w. What is the hundreds digit of l?
2
Let d be (-184)/(-40) - (-4)/10. Let k = d + -9. What is the units digit of (-6)/(-1*(-3)/k)?
8
Let h(b) = -2 + 1 + 7*b - 8*b. Let x be h(5). Let r 